{"id":78,"date":"2019-11-13T12:30:46","date_gmt":"2019-11-13T11:30:46","guid":{"rendered":"http:\/\/nmr-2019.laboratory.uniroma2.it\/?page_id=78"},"modified":"2019-11-14T17:14:35","modified_gmt":"2019-11-14T16:14:35","slug":"about-us","status":"publish","type":"page","link":"https:\/\/nmr-2019.laboratory.uniroma2.it\/?page_id=78","title":{"rendered":"About us"},"content":{"rendered":"<p>Nuclear Magnetic Resonance Laboratory<\/p>\n<p>The NMR Laboratory, established by professor Maurizio Paci, is organized as a Center for Large Instruments of the University of Tor Vergata. As such, it is available to its use by internal groups of all departments and external users, both public and private.<br \/>\nThe laboratory is equipped with two high resolution NMR spectrometers (400 MHz Bruker Avance III and 700 MHz Bruker Avance).<\/p>\n<p>NMR spectroscopy can be applied to:<br \/>\n&#8211; structural analysis of organic molecules<br \/>\n&#8211; structural studies of biomolecules<br \/>\n&#8211; protein-protein interaction<br \/>\n&#8211; protein-ligand interaction<br \/>\n&#8211; study of dynamics of biomolecules<br \/>\n&#8211; folding\/unfolding characterization<br \/>\n&#8211; nanobiotechnology<br \/>\n&#8211; metabolomics<br \/>\n&#8211; food analysis<\/p>\n<p>These subjects include scientific areas of Physics, Chemistry, Medicine and Technology, facilitating the development of multidisciplinary studies.<\/p>\n<p>Research lines presently actives at the NMR Lab:<br \/>\n&#8211; Molecular basis of Friedreich Ataxia disease<br \/>\n&#8211; Search for biomarkers of cardiovascular risk<br \/>\n&#8211; Development of a Serum NMR platform for HTS metabolomics studies of population. Assessment of environmental risk and profilaxis<br \/>\n&#8211; Characterization of the Mechanism of Action of anti-Schistosomiasi drugs<br \/>\n&#8211; Development of new methods for drug discovery using NMR spectroscopy<br \/>\n&#8211; Plasma Protein Binding of drug candidates using NMR<br \/>\n&#8211; Characterization of therapeutic peptides<br \/>\n&#8211; Study of the lipid profile of bone marrow in osteoporotic patients<br \/>\n&#8211; Metabolomics applied to sport<br \/>\n&#8211; Development of new compounds for the prevention of oxidative stress<br \/>\n&#8211; Metabolomics characterization of bladder cancer<br \/>\n&#8211; Search for enzymes working at low temperature in Antarctic\u2019s organisms<\/p>\n<p>Collaborations:<\/p>\n<p>Departments at University of Rome \u201cTor Vergata\u201d<\/p>\n<p>&#8211; Chemical Science and Technology<br \/>\n&#8211; Experimental Medicine and Biochemical Science<br \/>\n&#8211; Internal Medicine<br \/>\n&#8211; Clinic Biochemistry<br \/>\n&#8211; Policlinico Tor Vergata<\/p>\n<p>Italian Institutions and Companies<\/p>\n<p>&#8211; Centro Nazionale Composti Chimici e Screening, (CNCCS), consorzio pubblico privato CNR-ISS-IRBM<br \/>\n&#8211; IRBM Science Park, Pomezia<br \/>\n&#8211; Universit\u00e0 di Roma \u201cLa Sapienza\u201d<br \/>\n&#8211; Policlinico Umberto I, Roma<br \/>\n&#8211; Istituto di Biologia Cellulare, CNR<br \/>\n&#8211; Istituto dei Sistemi Complessi, CNR<br \/>\n&#8211; Facolt\u00e0 di Medicina e Chirurgia, Universit\u00e0 Vita-Salute San Raffaele, Milano<br \/>\n&#8211; Ministero dell\u2019Istruzione, dell&#8217;Universit\u00e0 e della Ricerca, Programma Nazionale di Ricerche in Antartide<br \/>\n&#8211; Bridgestone<br \/>\n&#8211; Istituto Superiore di Sanit\u00e0<br \/>\n&#8211; Consorzio C4T<\/p>\n<p>International Institutions:<\/p>\n<p>&#8211; Universit\u00e0 di Buenos Aires, Argentina<br \/>\n&#8211; Istituto Fundaci\u00f3n Leloir, Buenos Aires, Argentina<br \/>\n&#8211; Instituto Ant\u00e1rtico Argentino<br \/>\n&#8211; Centro di Ingenier\u00eda Gen\u00e9tica y Biotecnolog\u00eda (CIGB), l\u2019Avana, Cuba<\/p>\n<p>Research Contracts (last five years):<\/p>\n<p>Research Contracts with CNCCS Consortium (Collezione Nazionale di Composti Chimici e Centro Screening):<\/p>\n<p>&#8211; &#8220;NMR Screening to select and improve potential therapeutic compounds for the treatment of Freidreich\u2019s Ataxia&#8221;. 01-01-2013\/31-12-2013<br \/>\n&#8211; &#8220;Metabolomica tramite NMR applicata a Malattie Parassitarie&#8221;. 01-01-2014\/31-12-2014<br \/>\n&#8211; &#8220;NMR Screening to select and improve potential therapeutic compounds for the treatment of Freidreich\u2019s Ataxia&#8221;. 01-01-2014\/31-12-2014<br \/>\n&#8211; &#8220;Screening via NMR di proteine contenenti poli-Q per la scoperta di agenti terapeutici per le malattie neurodegenerative&#8221;. 01-01-2014\/31-12-2014<br \/>\n&#8211; &#8220;Malattie Rare neglette e della povert\u00e0&#8221;. 01-01-2015\/31-12-2015<br \/>\n&#8211; &#8220;Malattie neglette e della povert\u00e0&#8221;. 01-01-2016\/31-12-2016<br \/>\n&#8211; &#8220;Malattie Rare&#8221;. 01-01-2016\/31-12-2016<br \/>\n&#8211; &#8220;Friedreich atassia, Metabolomica rischio Cardiovascolare e Piattaforma per la metabolomica quantitativa di matrice biologiche&#8221;. 01-01-2017\/31-12-2017<br \/>\n&#8211; &#8220;Nuovi Progetti di Lead Identification tramite HTS&#8221;. 01-01-2017\/31-12-2017<br \/>\n&#8211; &#8220;Sviluppo di nuovi agenti anti-Schistosomiasi&#8221;. 01-01-2017\/31-12-2017<\/p>\n<p>National and International Research Grants (last five years)<\/p>\n<p>\u201cSearch, characterization and evaluation of the biotechnological potential of<br \/>\nenzymes active at low temperature from Antarctic organisms\u201d PID-2011-006. Agencia Nacional de Promoci\u00f3n Cient\u00edfica y Tecnol\u00f3gica, Argentina 01-01-2011\/31-12-2012<br \/>\n&#8211; \u201cUsing Nuclear Magnetic Resonance to explore key mechanisms of hepatitis C virus proteins\u201d PICT-2009-0099. Agencia Nacional de Promoci\u00f3n Cient\u00edfica y Tecnol\u00f3gica, Argentina 01-01-2011\/31-12-2012<br \/>\n&#8211; \u201cRicerca di enzimi che lavorano a temperature estreme di microorganismi antartici\u201d, Ministero dell\u2019Istruzione, dell\u2019Universit\u00e0 e della Ricerca, Programma Nazionale di Ricerche in Antartide, Italy. 19-06-2014\/18-06-2016<\/p>\n","protected":false},"excerpt":{"rendered":"<p>Nuclear Magnetic Resonance Laboratory The NMR Laboratory, established by professor Maurizio Paci, is organized as a Center for Large Instruments of the University of Tor Vergata. As such, it is available to its use by internal groups of all departments<\/p>\n","protected":false},"author":2,"featured_media":0,"parent":0,"menu_order":0,"comment_status":"closed","ping_status":"closed","template":"","meta":[],"_links":{"self":[{"href":"https:\/\/nmr-2019.laboratory.uniroma2.it\/index.php?rest_route=\/wp\/v2\/pages\/78"}],"collection":[{"href":"https:\/\/nmr-2019.laboratory.uniroma2.it\/index.php?rest_route=\/wp\/v2\/pages"}],"about":[{"href":"https:\/\/nmr-2019.laboratory.uniroma2.it\/index.php?rest_route=\/wp\/v2\/types\/page"}],"author":[{"embeddable":true,"href":"https:\/\/nmr-2019.laboratory.uniroma2.it\/index.php?rest_route=\/wp\/v2\/users\/2"}],"replies":[{"embeddable":true,"href":"https:\/\/nmr-2019.laboratory.uniroma2.it\/index.php?rest_route=%2Fwp%2Fv2%2Fcomments&post=78"}],"version-history":[{"count":3,"href":"https:\/\/nmr-2019.laboratory.uniroma2.it\/index.php?rest_route=\/wp\/v2\/pages\/78\/revisions"}],"predecessor-version":[{"id":130,"href":"https:\/\/nmr-2019.laboratory.uniroma2.it\/index.php?rest_route=\/wp\/v2\/pages\/78\/revisions\/130"}],"wp:attachment":[{"href":"https:\/\/nmr-2019.laboratory.uniroma2.it\/index.php?rest_route=%2Fwp%2Fv2%2Fmedia&parent=78"}],"curies":[{"name":"wp","href":"https:\/\/api.w.org\/{rel}","templated":true}]}}