{"id":55,"date":"2019-11-13T10:00:07","date_gmt":"2019-11-13T09:00:07","guid":{"rendered":"http:\/\/nmr-2019.laboratory.uniroma2.it\/?page_id=55"},"modified":"2019-11-14T15:48:26","modified_gmt":"2019-11-14T14:48:26","slug":"chi-siamo","status":"publish","type":"page","link":"https:\/\/nmr-2019.laboratory.uniroma2.it\/","title":{"rendered":"Chi siamo"},"content":{"rendered":"<p>Il laboratorio di NMR, fondato dal professor Maurizio Paci, \u00e8 attualmente organizzato come Centro di Grande Strumentazione dell\u2019Ateneo. Come tale, \u00e8 disponibile per l\u2019utilizzo da parte di utenti interni di tutti i dipartimenti dell&#8217; Universit\u00e0 e di utenti esterni, pubblici e privati.<br \/>\nIl laboratorio dispone di due spettrometri per la risonanza magnetica nucleare in alta risoluzione (BRUKER Avance III 400 MHz e BRUKER Avance 700 MHz). Tra le possibili applicazioni della tecnologia vi sono:<\/p>\n<p>\uf02d analisi di piccole molecole organiche;<br \/>\n\uf02d studi strutturali di biomacromolecole;<br \/>\n\uf02d interazione proteina-proteina;<br \/>\n\uf02d interazione proteina-ligando;<br \/>\n\uf02d studi di dinamica delle biomacromolecole;<br \/>\n\uf02d studi folding\/unfolding;<br \/>\n\uf02d nanobiotecnologie;<br \/>\n\uf02d metabolomica;<br \/>\n\uf02d analisi di alimenti;<br \/>\n\uf02d controlli qualit\u00e0.<\/p>\n<p>Queste tematiche includono area scientifiche della fisica, la chimica, la medicina e l\u2019ingegneria, essendo un centro particolarmente adatto per gli studi multidisciplinari.<\/p>\n<p>Tra le linee di ricerche attuali del laboratorio si citano:<br \/>\n&#8211; Studio delle basi molecolari dell\u2019Atassia di Friedreich<br \/>\n&#8211; Studi metabolomici per la ricerca di biomarcatori di rischio cardiovascolare<br \/>\n&#8211; Sviluppo di una piattaforma di analisi di siero per lo studio popolazionale di rischio ambientale e profilattico<br \/>\n&#8211; Studio del meccanismo di azione di farmaci contro la Schistosomiasi<br \/>\n&#8211; Sviluppo di nuovi metodi per drug discovery tramite spettroscopia NMR<br \/>\n&#8211; Studio di legami a proteine plasmatiche di candidati farmaci mediante spettroscopia NMR<br \/>\n&#8211; Caratterizzazione di peptidi terapeutici<br \/>\n&#8211; Studio del profilo lipidico di midollo osseo come biomarcatore di osteoporosi<br \/>\n&#8211; Metabolomica applicata allo sport<br \/>\n&#8211; Sviluppo di nuovi composti per la prevenzione dello stress ossidativo<br \/>\n&#8211; Caratterizzazione metabolica del cancro alla vescica<br \/>\n&#8211; Ricerca di enzimi che lavorino a bassa temperatura in organismi antartici<\/p>\n<p>Nello sviluppo di questi progetti, il laboratorio NMR collabora con le seguenti istituzioni e dipartimenti:<\/p>\n<p>Dipartimenti dell\u2019Universit\u00e0 di Tor Vergata:<\/p>\n<p>&#8211; Dipartimento di Scienze e Tecnologie Chimiche<br \/>\n&#8211; Dipartimento di Medicina Sperimentale e Scienze Biochimiche<br \/>\n&#8211; Policlinico Tor Vergata<br \/>\n&#8211; Dipartimento di Medicina Interna<br \/>\n&#8211; Dipartimento di Biochimica Clinica<\/p>\n<p>Istituzioni e imprese italiane:<br \/>\n&#8211; Centro Nazionale Composti Chimici e Screening, (CNCCS), consorzio pubblico privato CNR-ISS-IRBM<br \/>\n&#8211; IRBM Science Park, Pomezia<br \/>\n&#8211; Universit\u00e0 di Roma \u201cLa Sapienza\u201d<br \/>\n&#8211; Policlinico Umberto I, Roma<br \/>\n&#8211; Istituto di Biologia Cellulare, CNR<br \/>\n&#8211; Istituto dei Sistemi Complessi, CNR<br \/>\n&#8211; Facolt\u00e0 di Medicina e Chirurgia, Universit\u00e0 Vita-Salute San Raffaele, Milano<br \/>\n&#8211; Ministero dell\u2019Istruzione, dell&#8217;Universit\u00e0 e della Ricerca, Programma Nazionale di Ricerche in Antartide<br \/>\n&#8211; Bridgestone<br \/>\n&#8211; Istituto Superiore di Sanit\u00e0<br \/>\n&#8211; Consorzio C4T<\/p>\n<p>Istituzioni internazionali:<\/p>\n<p>&#8211; Universit\u00e0 di Buenos Aires, Argentina<br \/>\n&#8211; Istituto Fundaci\u00f3n Leloir, Buenos Aires, Argentina<br \/>\n&#8211; Instituto Ant\u00e1rtico Argentino<br \/>\n&#8211; Centro di Ingenier\u00eda Gen\u00e9tica y Biotecnolog\u00eda (CIGB), l\u2019Avana, Cuba<\/p>\n<p>Contratti di ricerca degli ultimi 5 anni:<\/p>\n<p>&#8211; &#8220;NMR Screening to select and improve potential therapeutic compounds for the treatment of Freidreich\u2019s Ataxia&#8221;. Contratto di ricerca firmato con il Consorzio CNCCS (Collezione Nazionale di Composti Chimici e Centro Screening) dal 01-01-2013 al 31-12-2013<br \/>\n&#8211; &#8220;Metabolomica tramite NMR applicata a Malattie Parassitarie&#8221;. Contratto di ricerca firmato con il Consorzio CNCCS (Collezione Nazionale di Composti Chimici e Centro Screening) dal 01-01-2014 al 31-12-2014<br \/>\n&#8211; &#8220;NMR Screening to select and improve potential therapeutic compounds for the treatment of Freidreich\u2019s Ataxia&#8221;. Contratto di ricerca firmato con il Consorzio CNCCS (Collezione Nazionale di Composti Chimici e Centro Screening) dal 01-01-2014 al 31-12-2014<br \/>\n&#8211; &#8220;Screening via NMR di proteine contenenti poli-Q per la scoperta di agenti terapeutici per le malattie neurodegenerative&#8221;. Contratto di ricerca firmato con il Consorzio CNCCS (Collezione Nazionale di Composti Chimici e Centro Screening) dal 01-01-2014 al 31-12-2014<br \/>\n&#8211; &#8220;Malattie Rare neglette e della povert\u00e0&#8221;. Contratto di ricerca firmato con il Consorzio CNCCS (Collezione Nazionale di Composti Chimici e Centro Screening) dal 01-01-2015 al 31-12-2015<br \/>\n&#8211; &#8220;Malattie neglette e della povert\u00e0&#8221;. Contratto di ricerca firmato con il Consorzio CNCCS (Collezione Nazionale di Composti Chimici e Centro Screening) dal 01-01-2016 al 31-12-2016<br \/>\n&#8211; &#8220;Malattie Rare&#8221;. Contratto di ricerca firmato con il Consorzio CNCCS (Collezione Nazionale di Composti Chimici e Centro Screening) dal 01-01-2016 al 31-12-2016<br \/>\n&#8211; &#8220;Friedreich atassia, Metabolomica rischio Cardiovascolare e Piattaforma per la metabolomica quantitativa di matrice biologiche&#8221;. Contratto di ricerca firmato con il Consorzio CNCCS (Collezione Nazionale di Composti Chimici e Centro Screening) dal 01-01-2017 a oggi<br \/>\n&#8211; &#8220;Nuovi Progetti di Lead Identification tramite<br \/>\nHTS&#8221;. Contratto di ricerca firmato con il Consorzio CNCCS (Collezione Nazionale di Composti Chimici e Centro Screening) dal 01-01-2017 a oggi<br \/>\n&#8211; &#8220;Sviluppo di nuovi agenti anti-Schistosomiasi&#8221;. Contratto di ricerca firmato con il Consorzio CNCCS (Collezione Nazionale di Composti Chimici e Centro Screening) dal 01-01-2017 a oggi<\/p>\n<p>Progetti finanziati da organismi nazionali e internazionali negli ultimi 5 anni:<\/p>\n<p>&#8211; \u201cSearch, characterization and evaluation of the biotechnological potential of<br \/>\nenzymes active at low temperature from Antarctic organisms\u201d PID-2011-006. Ente finanziatore: Agencia Nacional de Promoci\u00f3n Cient\u00edfica y Tecnol\u00f3gica, Argentina dal 01-01-2011 al 31-12-2012<br \/>\n&#8211; \u201cUsing Nuclear Magnetic Resonance to explore key mechanisms of hepatitis C virus proteins\u201d PICT-2009-0099. Ente finanziatore: Agencia Nacional de Promoci\u00f3n Cient\u00edfica y Tecnol\u00f3gica, Argentina dal 01-01-2011 al 31-12-2012<br \/>\n&#8211; \u201cRicerca di enzimi che lavorano a temperature estreme di microorganismi antartici\u201d, Ministero dell\u2019Istruzione, dell\u2019Universit\u00e0 e della Ricerca, Programma Nazionale di Ricerche in Antartide, Italy. dal 19-06-2014 al 18-06-2016<\/p>\n<p>&nbsp;<\/p>\n","protected":false},"excerpt":{"rendered":"<p>Il laboratorio di NMR, fondato dal professor Maurizio Paci, \u00e8 attualmente organizzato come Centro di Grande Strumentazione dell\u2019Ateneo. Come tale, \u00e8 disponibile per l\u2019utilizzo da parte di utenti interni di tutti i dipartimenti dell&#8217; Universit\u00e0 e di utenti esterni, pubblici<\/p>\n","protected":false},"author":2,"featured_media":0,"parent":0,"menu_order":0,"comment_status":"closed","ping_status":"closed","template":"","meta":[],"_links":{"self":[{"href":"https:\/\/nmr-2019.laboratory.uniroma2.it\/index.php?rest_route=\/wp\/v2\/pages\/55"}],"collection":[{"href":"https:\/\/nmr-2019.laboratory.uniroma2.it\/index.php?rest_route=\/wp\/v2\/pages"}],"about":[{"href":"https:\/\/nmr-2019.laboratory.uniroma2.it\/index.php?rest_route=\/wp\/v2\/types\/page"}],"author":[{"embeddable":true,"href":"https:\/\/nmr-2019.laboratory.uniroma2.it\/index.php?rest_route=\/wp\/v2\/users\/2"}],"replies":[{"embeddable":true,"href":"https:\/\/nmr-2019.laboratory.uniroma2.it\/index.php?rest_route=%2Fwp%2Fv2%2Fcomments&post=55"}],"version-history":[{"count":5,"href":"https:\/\/nmr-2019.laboratory.uniroma2.it\/index.php?rest_route=\/wp\/v2\/pages\/55\/revisions"}],"predecessor-version":[{"id":125,"href":"https:\/\/nmr-2019.laboratory.uniroma2.it\/index.php?rest_route=\/wp\/v2\/pages\/55\/revisions\/125"}],"wp:attachment":[{"href":"https:\/\/nmr-2019.laboratory.uniroma2.it\/index.php?rest_route=%2Fwp%2Fv2%2Fmedia&parent=55"}],"curies":[{"name":"wp","href":"https:\/\/api.w.org\/{rel}","templated":true}]}}